{"id":42,"date":"2019-09-24T13:01:40","date_gmt":"2019-09-24T13:01:40","guid":{"rendered":"https:\/\/dammkultur.ch\/dk_wp\/?page_id=42"},"modified":"2021-04-02T16:43:07","modified_gmt":"2021-04-02T16:43:07","slug":"ampfer-disteln-bekaempfung","status":"publish","type":"page","link":"https:\/\/dammkultur.ch\/dk_wp\/?page_id=42","title":{"rendered":"Ampfer \/ Disteln Bek\u00e4mpfung"},"content":{"rendered":"\n<h3 class=\"wp-block-heading\"><strong>Ampfer<\/strong><\/h3>\n\n\n\n<p>Es stellt sich die Frage, wieso die Ampfer vermehrt beginnt zu wachsen, dabei muss mann wissen, dass die Ampfer die Aufgabe hat, denn Boden zu entgiften.<\/p>\n\n\n\n<p>Ein Grund daf\u00fcr ist die zunehmende Bodenverdichtung immer gr\u00f6sser und schwerer werdenden Maschinen. Diese Bodenverdichtung verringert die aerobe Zone auf ein Minimum. Dieser Zustand beg\u00fcnstigt die Berechtigung der Ampfer.<\/p>\n\n\n\n<h6 class=\"wp-block-heading\">Bek\u00e4mpfung<\/h6>\n\n\n\n<p>Mit dem H\u00e4ufelpflug und angebauten Hackdr\u00e4hte kann die Ampfer aus dem Boden gezogen werden, sie werden dann bei einer Sch\u00f6nwetterperiode verdorren. <\/p>\n\n\n\n<figure class=\"wp-block-embed is-type-video is-provider-youtube wp-block-embed-youtube wp-embed-aspect-16-9 wp-has-aspect-ratio\"><div class=\"wp-block-embed__wrapper\">\n<iframe loading=\"lazy\" title=\"Dammpflug NG350 beim Hacken\" width=\"840\" height=\"473\" src=\"https:\/\/www.youtube.com\/embed\/27wF1t-cm2g?feature=oembed\" frameborder=\"0\" allow=\"accelerometer; autoplay; clipboard-write; encrypted-media; gyroscope; picture-in-picture\" allowfullscreen><\/iframe>\n<\/div><\/figure>\n\n\n\n<figure class=\"wp-block-image size-large is-resized\"><img loading=\"lazy\" decoding=\"async\" src=\"https:\/\/dammkultur.ch\/dk_wp\/wp-content\/uploads\/2021\/02\/20210205_135238.jpg\" alt=\"\" class=\"wp-image-437\" width=\"800\" height=\"600\" srcset=\"https:\/\/dammkultur.ch\/dk_wp\/wp-content\/uploads\/2021\/02\/20210205_135238.jpg 800w, https:\/\/dammkultur.ch\/dk_wp\/wp-content\/uploads\/2021\/02\/20210205_135238-300x225.jpg 300w, https:\/\/dammkultur.ch\/dk_wp\/wp-content\/uploads\/2021\/02\/20210205_135238-768x576.jpg 768w\" sizes=\"auto, (max-width: 800px) 85vw, 800px\" \/><\/figure>\n\n\n\n<figure class=\"wp-block-image size-large is-resized\"><img loading=\"lazy\" decoding=\"async\" src=\"https:\/\/dammkultur.ch\/dk_wp\/wp-content\/uploads\/2021\/02\/20210205_133941.jpg\" alt=\"\" class=\"wp-image-436\" width=\"800\" height=\"600\" srcset=\"https:\/\/dammkultur.ch\/dk_wp\/wp-content\/uploads\/2021\/02\/20210205_133941.jpg 800w, https:\/\/dammkultur.ch\/dk_wp\/wp-content\/uploads\/2021\/02\/20210205_133941-300x225.jpg 300w, https:\/\/dammkultur.ch\/dk_wp\/wp-content\/uploads\/2021\/02\/20210205_133941-768x576.jpg 768w\" sizes=\"auto, (max-width: 800px) 85vw, 800px\" \/><\/figure>\n\n\n\n<h3 class=\"wp-block-heading\"><strong>Distel<\/strong><\/h3>\n\n\n\n<p>Die Distel kann sich seine N\u00e4hrstoffe aus tieferen Schichten hohlen, an welche die meisten Kulturpflanzen z.B. wegen der Pflugsohle nicht hingelangen.<\/p>\n\n\n\n<h6 class=\"wp-block-heading\">Bek\u00e4mpfung<\/h6>\n\n\n\n<p>Mittels der Dammkultur wird die aerobe Schicht vergr\u00f6ssert, der Boden kann atmen. Die Kulturpflanzen k\u00f6nnen somit den Boden besser durchwurzeln. Es kann in der Wachstumsphase der Kulturpflanze mit den Dr\u00e4hten gehackt werden, diese schneiden die Wurzeln der Disteln nicht durch sondern ziehen sie aus.<\/p>\n","protected":false},"excerpt":{"rendered":"<p>Ampfer Es stellt sich die Frage, wieso die Ampfer vermehrt beginnt zu wachsen, dabei muss mann wissen, dass die Ampfer die Aufgabe hat, denn Boden zu entgiften. Ein Grund daf\u00fcr ist die zunehmende Bodenverdichtung immer gr\u00f6sser und schwerer werdenden Maschinen. Diese Bodenverdichtung verringert die aerobe Zone auf ein Minimum. Dieser Zustand beg\u00fcnstigt die Berechtigung der &hellip; <a href=\"https:\/\/dammkultur.ch\/dk_wp\/?page_id=42\" class=\"more-link\"><span class=\"screen-reader-text\">\u201eAmpfer \/ Disteln Bek\u00e4mpfung\u201c<\/span> weiterlesen<\/a><\/p>\n","protected":false},"author":1,"featured_media":0,"parent":0,"menu_order":0,"comment_status":"closed","ping_status":"closed","template":"","meta":{"footnotes":""},"class_list":["post-42","page","type-page","status-publish","hentry"],"yoast_head":"<!-- This site is optimized with the Yoast SEO plugin v25.1 - https:\/\/yoast.com\/wordpress\/plugins\/seo\/ -->\n<title>Ampfer \/ Disteln Bek\u00e4mpfung - Dammkultur<\/title>\n<meta name=\"robots\" content=\"index, follow, max-snippet:-1, max-image-preview:large, max-video-preview:-1\" \/>\n<link rel=\"canonical\" href=\"https:\/\/dammkultur.ch\/dk_wp\/?page_id=42\" \/>\n<meta property=\"og:locale\" content=\"de_DE\" \/>\n<meta property=\"og:type\" content=\"article\" \/>\n<meta property=\"og:title\" content=\"Ampfer \/ Disteln Bek\u00e4mpfung - Dammkultur\" \/>\n<meta property=\"og:description\" content=\"Ampfer Es stellt sich die Frage, wieso die Ampfer vermehrt beginnt zu wachsen, dabei muss mann wissen, dass die Ampfer die Aufgabe hat, denn Boden zu entgiften. Ein Grund daf\u00fcr ist die zunehmende Bodenverdichtung immer gr\u00f6sser und schwerer werdenden Maschinen. Diese Bodenverdichtung verringert die aerobe Zone auf ein Minimum. Dieser Zustand beg\u00fcnstigt die Berechtigung der &hellip; \u201eAmpfer \/ Disteln Bek\u00e4mpfung\u201c weiterlesen\" \/>\n<meta property=\"og:url\" content=\"https:\/\/dammkultur.ch\/dk_wp\/?page_id=42\" \/>\n<meta property=\"og:site_name\" content=\"Dammkultur\" \/>\n<meta property=\"article:modified_time\" content=\"2021-04-02T16:43:07+00:00\" \/>\n<meta property=\"og:image\" content=\"https:\/\/dammkultur.ch\/dk_wp\/wp-content\/uploads\/2021\/02\/20210205_135238.jpg\" \/>\n<meta name=\"twitter:card\" content=\"summary_large_image\" \/>\n<meta name=\"twitter:label1\" content=\"Gesch\u00e4tzte Lesezeit\" \/>\n\t<meta name=\"twitter:data1\" content=\"2\u00a0Minuten\" \/>\n<script type=\"application\/ld+json\" class=\"yoast-schema-graph\">{\"@context\":\"https:\/\/schema.org\",\"@graph\":[{\"@type\":\"WebPage\",\"@id\":\"https:\/\/dammkultur.ch\/dk_wp\/?page_id=42\",\"url\":\"https:\/\/dammkultur.ch\/dk_wp\/?page_id=42\",\"name\":\"Ampfer \/ Disteln Bek\u00e4mpfung - Dammkultur\",\"isPartOf\":{\"@id\":\"https:\/\/dammkultur.ch\/dk_wp\/#website\"},\"primaryImageOfPage\":{\"@id\":\"https:\/\/dammkultur.ch\/dk_wp\/?page_id=42#primaryimage\"},\"image\":{\"@id\":\"https:\/\/dammkultur.ch\/dk_wp\/?page_id=42#primaryimage\"},\"thumbnailUrl\":\"https:\/\/dammkultur.ch\/dk_wp\/wp-content\/uploads\/2021\/02\/20210205_135238.jpg\",\"datePublished\":\"2019-09-24T13:01:40+00:00\",\"dateModified\":\"2021-04-02T16:43:07+00:00\",\"breadcrumb\":{\"@id\":\"https:\/\/dammkultur.ch\/dk_wp\/?page_id=42#breadcrumb\"},\"inLanguage\":\"de\",\"potentialAction\":[{\"@type\":\"ReadAction\",\"target\":[\"https:\/\/dammkultur.ch\/dk_wp\/?page_id=42\"]}]},{\"@type\":\"ImageObject\",\"inLanguage\":\"de\",\"@id\":\"https:\/\/dammkultur.ch\/dk_wp\/?page_id=42#primaryimage\",\"url\":\"https:\/\/dammkultur.ch\/dk_wp\/wp-content\/uploads\/2021\/02\/20210205_135238.jpg\",\"contentUrl\":\"https:\/\/dammkultur.ch\/dk_wp\/wp-content\/uploads\/2021\/02\/20210205_135238.jpg\",\"width\":800,\"height\":600},{\"@type\":\"BreadcrumbList\",\"@id\":\"https:\/\/dammkultur.ch\/dk_wp\/?page_id=42#breadcrumb\",\"itemListElement\":[{\"@type\":\"ListItem\",\"position\":1,\"name\":\"Home\",\"item\":\"https:\/\/dammkultur.ch\/dk_wp\/\"},{\"@type\":\"ListItem\",\"position\":2,\"name\":\"Ampfer \/ Disteln Bek\u00e4mpfung\"}]},{\"@type\":\"WebSite\",\"@id\":\"https:\/\/dammkultur.ch\/dk_wp\/#website\",\"url\":\"https:\/\/dammkultur.ch\/dk_wp\/\",\"name\":\"Dammkultur\",\"description\":\"\",\"potentialAction\":[{\"@type\":\"SearchAction\",\"target\":{\"@type\":\"EntryPoint\",\"urlTemplate\":\"https:\/\/dammkultur.ch\/dk_wp\/?s={search_term_string}\"},\"query-input\":{\"@type\":\"PropertyValueSpecification\",\"valueRequired\":true,\"valueName\":\"search_term_string\"}}],\"inLanguage\":\"de\"}]}<\/script>\n<!-- \/ Yoast SEO plugin. -->","yoast_head_json":{"title":"Ampfer \/ Disteln Bek\u00e4mpfung - Dammkultur","robots":{"index":"index","follow":"follow","max-snippet":"max-snippet:-1","max-image-preview":"max-image-preview:large","max-video-preview":"max-video-preview:-1"},"canonical":"https:\/\/dammkultur.ch\/dk_wp\/?page_id=42","og_locale":"de_DE","og_type":"article","og_title":"Ampfer \/ Disteln Bek\u00e4mpfung - Dammkultur","og_description":"Ampfer Es stellt sich die Frage, wieso die Ampfer vermehrt beginnt zu wachsen, dabei muss mann wissen, dass die Ampfer die Aufgabe hat, denn Boden zu entgiften. Ein Grund daf\u00fcr ist die zunehmende Bodenverdichtung immer gr\u00f6sser und schwerer werdenden Maschinen. Diese Bodenverdichtung verringert die aerobe Zone auf ein Minimum. Dieser Zustand beg\u00fcnstigt die Berechtigung der &hellip; \u201eAmpfer \/ Disteln Bek\u00e4mpfung\u201c weiterlesen","og_url":"https:\/\/dammkultur.ch\/dk_wp\/?page_id=42","og_site_name":"Dammkultur","article_modified_time":"2021-04-02T16:43:07+00:00","og_image":[{"url":"https:\/\/dammkultur.ch\/dk_wp\/wp-content\/uploads\/2021\/02\/20210205_135238.jpg","type":"","width":"","height":""}],"twitter_card":"summary_large_image","twitter_misc":{"Gesch\u00e4tzte Lesezeit":"2\u00a0Minuten"},"schema":{"@context":"https:\/\/schema.org","@graph":[{"@type":"WebPage","@id":"https:\/\/dammkultur.ch\/dk_wp\/?page_id=42","url":"https:\/\/dammkultur.ch\/dk_wp\/?page_id=42","name":"Ampfer \/ Disteln Bek\u00e4mpfung - Dammkultur","isPartOf":{"@id":"https:\/\/dammkultur.ch\/dk_wp\/#website"},"primaryImageOfPage":{"@id":"https:\/\/dammkultur.ch\/dk_wp\/?page_id=42#primaryimage"},"image":{"@id":"https:\/\/dammkultur.ch\/dk_wp\/?page_id=42#primaryimage"},"thumbnailUrl":"https:\/\/dammkultur.ch\/dk_wp\/wp-content\/uploads\/2021\/02\/20210205_135238.jpg","datePublished":"2019-09-24T13:01:40+00:00","dateModified":"2021-04-02T16:43:07+00:00","breadcrumb":{"@id":"https:\/\/dammkultur.ch\/dk_wp\/?page_id=42#breadcrumb"},"inLanguage":"de","potentialAction":[{"@type":"ReadAction","target":["https:\/\/dammkultur.ch\/dk_wp\/?page_id=42"]}]},{"@type":"ImageObject","inLanguage":"de","@id":"https:\/\/dammkultur.ch\/dk_wp\/?page_id=42#primaryimage","url":"https:\/\/dammkultur.ch\/dk_wp\/wp-content\/uploads\/2021\/02\/20210205_135238.jpg","contentUrl":"https:\/\/dammkultur.ch\/dk_wp\/wp-content\/uploads\/2021\/02\/20210205_135238.jpg","width":800,"height":600},{"@type":"BreadcrumbList","@id":"https:\/\/dammkultur.ch\/dk_wp\/?page_id=42#breadcrumb","itemListElement":[{"@type":"ListItem","position":1,"name":"Home","item":"https:\/\/dammkultur.ch\/dk_wp\/"},{"@type":"ListItem","position":2,"name":"Ampfer \/ Disteln Bek\u00e4mpfung"}]},{"@type":"WebSite","@id":"https:\/\/dammkultur.ch\/dk_wp\/#website","url":"https:\/\/dammkultur.ch\/dk_wp\/","name":"Dammkultur","description":"","potentialAction":[{"@type":"SearchAction","target":{"@type":"EntryPoint","urlTemplate":"https:\/\/dammkultur.ch\/dk_wp\/?s={search_term_string}"},"query-input":{"@type":"PropertyValueSpecification","valueRequired":true,"valueName":"search_term_string"}}],"inLanguage":"de"}]}},"jetpack_sharing_enabled":true,"_links":{"self":[{"href":"https:\/\/dammkultur.ch\/dk_wp\/index.php?rest_route=\/wp\/v2\/pages\/42","targetHints":{"allow":["GET"]}}],"collection":[{"href":"https:\/\/dammkultur.ch\/dk_wp\/index.php?rest_route=\/wp\/v2\/pages"}],"about":[{"href":"https:\/\/dammkultur.ch\/dk_wp\/index.php?rest_route=\/wp\/v2\/types\/page"}],"author":[{"embeddable":true,"href":"https:\/\/dammkultur.ch\/dk_wp\/index.php?rest_route=\/wp\/v2\/users\/1"}],"replies":[{"embeddable":true,"href":"https:\/\/dammkultur.ch\/dk_wp\/index.php?rest_route=%2Fwp%2Fv2%2Fcomments&post=42"}],"version-history":[{"count":10,"href":"https:\/\/dammkultur.ch\/dk_wp\/index.php?rest_route=\/wp\/v2\/pages\/42\/revisions"}],"predecessor-version":[{"id":858,"href":"https:\/\/dammkultur.ch\/dk_wp\/index.php?rest_route=\/wp\/v2\/pages\/42\/revisions\/858"}],"wp:attachment":[{"href":"https:\/\/dammkultur.ch\/dk_wp\/index.php?rest_route=%2Fwp%2Fv2%2Fmedia&parent=42"}],"curies":[{"name":"wp","href":"https:\/\/api.w.org\/{rel}","templated":true}]}}

Ampfer / Disteln Bekämpfung

<h3 class="wp-block-heading"><strong>Ampfer</strong></h3>



<p>Es stellt sich die Frage, wieso die Ampfer vermehrt beginnt zu wachsen, dabei muss mann wissen, dass die Ampfer die Aufgabe hat, denn Boden zu entgiften.</p>



<p>Ein Grund dafür ist die zunehmende Bodenverdichtung immer grösser und schwerer werdenden Maschinen. Diese Bodenverdichtung verringert die aerobe Zone auf ein Minimum. Dieser Zustand begünstigt die Berechtigung der Ampfer.</p>



<h6 class="wp-block-heading">Bekämpfung</h6>



<p>Mit dem Häufelpflug und angebauten Hackdrähte kann die Ampfer aus dem Boden gezogen werden, sie werden dann bei einer Schönwetterperiode verdorren. </p>



<figure class="wp-block-embed is-type-video is-provider-youtube wp-block-embed-youtube wp-embed-aspect-16-9 wp-has-aspect-ratio"><div class="wp-block-embed__wrapper">
<iframe loading="lazy" title="Dammpflug NG350 beim Hacken" width="840" height="473" src="https://www.youtube.com/embed/27wF1t-cm2g?feature=oembed" frameborder="0" allow="accelerometer; autoplay; clipboard-write; encrypted-media; gyroscope; picture-in-picture" allowfullscreen></iframe>
</div></figure>



<figure class="wp-block-image size-large is-resized"><img loading="lazy" decoding="async" src="https://dammkultur.ch/dk_wp/wp-content/uploads/2021/02/20210205_135238.jpg" alt="" class="wp-image-437" width="800" height="600" srcset="https://dammkultur.ch/dk_wp/wp-content/uploads/2021/02/20210205_135238.jpg 800w, https://dammkultur.ch/dk_wp/wp-content/uploads/2021/02/20210205_135238-300x225.jpg 300w, https://dammkultur.ch/dk_wp/wp-content/uploads/2021/02/20210205_135238-768x576.jpg 768w" sizes="auto, (max-width: 800px) 85vw, 800px" /></figure>



<figure class="wp-block-image size-large is-resized"><img loading="lazy" decoding="async" src="https://dammkultur.ch/dk_wp/wp-content/uploads/2021/02/20210205_133941.jpg" alt="" class="wp-image-436" width="800" height="600" srcset="https://dammkultur.ch/dk_wp/wp-content/uploads/2021/02/20210205_133941.jpg 800w, https://dammkultur.ch/dk_wp/wp-content/uploads/2021/02/20210205_133941-300x225.jpg 300w, https://dammkultur.ch/dk_wp/wp-content/uploads/2021/02/20210205_133941-768x576.jpg 768w" sizes="auto, (max-width: 800px) 85vw, 800px" /></figure>



<h3 class="wp-block-heading"><strong>Distel</strong></h3>



<p>Die Distel kann sich seine Nährstoffe aus tieferen Schichten hohlen, an welche die meisten Kulturpflanzen z.B. wegen der Pflugsohle nicht hingelangen.</p>



<h6 class="wp-block-heading">Bekämpfung</h6>



<p>Mittels der Dammkultur wird die aerobe Schicht vergrössert, der Boden kann atmen. Die Kulturpflanzen können somit den Boden besser durchwurzeln. Es kann in der Wachstumsphase der Kulturpflanze mit den Drähten gehackt werden, diese schneiden die Wurzeln der Disteln nicht durch sondern ziehen sie aus.</p>

<p>Ampfer Es stellt sich die Frage, wieso die Ampfer vermehrt beginnt zu wachsen, dabei muss mann wissen, dass die Ampfer die Aufgabe hat, denn Boden zu entgiften. Ein Grund dafür ist die zunehmende Bodenverdichtung immer grösser und schwerer werdenden Maschinen. Diese Bodenverdichtung verringert die aerobe Zone auf ein Minimum. Dieser Zustand begünstigt die Berechtigung der &hellip; <a href="https://dammkultur.ch/dk_wp/?page_id=42" class="more-link"><span class="screen-reader-text">„Ampfer / Disteln Bekämpfung“</span> weiterlesen</a></p>

<!-- This site is optimized with the Yoast SEO plugin v25.1 - https://yoast.com/wordpress/plugins/seo/ -->
<title>Ampfer / Disteln Bekämpfung - Dammkultur</title>
<meta name="robots" content="index, follow, max-snippet:-1, max-image-preview:large, max-video-preview:-1" />
<link rel="canonical" href="https://dammkultur.ch/dk_wp/?page_id=42" />
<meta property="og:locale" content="de_DE" />
<meta property="og:type" content="article" />
<meta property="og:title" content="Ampfer / Disteln Bekämpfung - Dammkultur" />
<meta property="og:description" content="Ampfer Es stellt sich die Frage, wieso die Ampfer vermehrt beginnt zu wachsen, dabei muss mann wissen, dass die Ampfer die Aufgabe hat, denn Boden zu entgiften. Ein Grund dafür ist die zunehmende Bodenverdichtung immer grösser und schwerer werdenden Maschinen. Diese Bodenverdichtung verringert die aerobe Zone auf ein Minimum. Dieser Zustand begünstigt die Berechtigung der &hellip; „Ampfer / Disteln Bekämpfung“ weiterlesen" />
<meta property="og:url" content="https://dammkultur.ch/dk_wp/?page_id=42" />
<meta property="og:site_name" content="Dammkultur" />
<meta property="article:modified_time" content="2021-04-02T16:43:07+00:00" />
<meta property="og:image" content="https://dammkultur.ch/dk_wp/wp-content/uploads/2021/02/20210205_135238.jpg" />
<meta name="twitter:card" content="summary_large_image" />
<meta name="twitter:label1" content="Geschätzte Lesezeit" />
	<meta name="twitter:data1" content="2 Minuten" />
<script type="application/ld+json" class="yoast-schema-graph">{"@context":"https://schema.org","@graph":[{"@type":"WebPage","@id":"https://dammkultur.ch/dk_wp/?page_id=42","url":"https://dammkultur.ch/dk_wp/?page_id=42","name":"Ampfer / Disteln Bekämpfung - Dammkultur","isPartOf":{"@id":"https://dammkultur.ch/dk_wp/#website"},"primaryImageOfPage":{"@id":"https://dammkultur.ch/dk_wp/?page_id=42#primaryimage"},"image":{"@id":"https://dammkultur.ch/dk_wp/?page_id=42#primaryimage"},"thumbnailUrl":"https://dammkultur.ch/dk_wp/wp-content/uploads/2021/02/20210205_135238.jpg","datePublished":"2019-09-24T13:01:40+00:00","dateModified":"2021-04-02T16:43:07+00:00","breadcrumb":{"@id":"https://dammkultur.ch/dk_wp/?page_id=42#breadcrumb"},"inLanguage":"de","potentialAction":[{"@type":"ReadAction","target":["https://dammkultur.ch/dk_wp/?page_id=42"]}]},{"@type":"ImageObject","inLanguage":"de","@id":"https://dammkultur.ch/dk_wp/?page_id=42#primaryimage","url":"https://dammkultur.ch/dk_wp/wp-content/uploads/2021/02/20210205_135238.jpg","contentUrl":"https://dammkultur.ch/dk_wp/wp-content/uploads/2021/02/20210205_135238.jpg","width":800,"height":600},{"@type":"BreadcrumbList","@id":"https://dammkultur.ch/dk_wp/?page_id=42#breadcrumb","itemListElement":[{"@type":"ListItem","position":1,"name":"Home","item":"https://dammkultur.ch/dk_wp/"},{"@type":"ListItem","position":2,"name":"Ampfer / Disteln Bekämpfung"}]},{"@type":"WebSite","@id":"https://dammkultur.ch/dk_wp/#website","url":"https://dammkultur.ch/dk_wp/","name":"Dammkultur","description":"","potentialAction":[{"@type":"SearchAction","target":{"@type":"EntryPoint","urlTemplate":"https://dammkultur.ch/dk_wp/?s={search_term_string}"},"query-input":{"@type":"PropertyValueSpecification","valueRequired":true,"valueName":"search_term_string"}}],"inLanguage":"de"}]}</script>
<!-- / Yoast SEO plugin. -->

Ampfer / Disteln Bekämpfung - Dammkultur

Ampfer Es stellt sich die Frage, wieso die Ampfer vermehrt beginnt zu wachsen, dabei muss mann wissen, dass die Ampfer die Aufgabe hat, denn Boden zu entgiften. Ein Grund dafür ist die zunehmende Bodenverdichtung immer grösser und schwerer werdenden Maschinen. Diese Bodenverdichtung verringert die aerobe Zone auf ein Minimum. Dieser Zustand begünstigt die Berechtigung der &hellip; „Ampfer / Disteln Bekämpfung“ weiterlesen
